 97 is divided by 25?
22
Calculate the remainder when 2648 is divided by 34.
30
Calculate the remainder when 198 is divided by 10.
8
What is the remainder when 29 is divided by 18?
11
What is the remainder when 1214 is divided by 122?
116
What is the remainder when 1224 is divided by 7?
6
What is the remainder when 455 is divided by 111?
11
Calculate the remainder when 150 is divided by 47.
9
What is the remainder when 2729 is divided by 105?
104
What is the remainder when 423 is divided by 13?
7
What is the remainder when 1141 is divided by 52?
49
What is the remainder when 42 is divided by 22?
20
Calculate the remainder when 86 is divided by 22.
20
Calculate the remainder when 1948 is divided by 11.
1
Calculate the remainder when 8532 is divided by 15.
12
Calculate the remainder when 540 is divided by 157.
69
Calculate the remainder when 90 is divided by 44.
2
What is the remainder when 271 is divided by 85?
16
Calculate the remainder when 419 is divided by 47.
43
Calculate the remainder when 217 is divided by 20.
17
What is the remainder when 35 is divided by 5?
0
What is the remainder when 169 is divided by 17?
16
What is the remainder when 1534 is divided by 222?
202
What is the remainder when 394 is divided by 131?
1
What is the remainder when 855 is divided by 41?
35
What is the remainder when 16 is divided by 10?
6
Calculate the remainder when 1768 is divided by 59.
57
What is the remainder when 118 is divided by 55?
8
Calculate the remainder when 650 is divided by 16.
10
What is the remainder when 427 is divided by 48?
43
What is the remainder when 10 is divided by 9?
1
Calculate the remainder when 259 is divided by 72.
43
Calculate the remainder when 484 is divided by 10.
4
What is the remainder when 851 is divided by 14?
11
Calculate the remainder when 1015 is divided by 64.
55
What is the remainder when 1239 is divided by 49?
14
Calculate the remainder when 133 is divided by 29.
17
What is the remainder when 17 is divided by 6?
5
What is the remainder when 159 is divided by 55?
49
Calculate the remainder when 2197 is divided by 122.
1
Calculate the remainder when 213 is divided by 35.
3
What is the remainder when 587 is divided by 180?
47
What is the remainder when 972 is divided by 314?
30
Calculate the remainder when 638 is divided by 45.
8
Calculate the remainder when 5068 is divided by 78.
76
What is the remainder when 176 is divided by 30?
26
What is the remainder when 4239 is divided by 533?
508
Calculate the remainder when 532 is divided by 13.
12
Calculate the remainder when 934 is divided by 8.
6
What is the remainder when 2078 is divided by 20?
18
Calculate the remainder when 7343 is divided by 36.
35
What is the remainder when 1857 is divided by 12?
9
What is the remainder when 543 is divided by 16?
15
Calculate the remainder when 59 is divided by 21.
17
What is the remainder when 7769 is divided by 19?
17
Calculate the remainder when 26778 is divided by 130.
128
What is the remainder when 246 is divided by 81?
3
What is the remainder when 1294 is divided by 643?
8
What is the remainder when 424 is divided by 233?
191
Calculate the remainder when 197 is divided by 35.
22
What is the remainder when 1700 is divided by 9?
8
What is the remainder when 992 is divided by 110?
2
Calculate the remainder when 4006 is divided by 12.
10
Calculate the remainder when 28 is divided by 9.
1
What is the remainder when 29894 is divided by 15?
14
Calculate the remainder when 55 is divided by 9.
1
Calculate the remainder when 3323 is divided by 19.
17
What is the remainder when 1138 is divided by 373?
19
Calculate the remainder when 467 is divided by 94.
91
What is the remainder when 25 is divided by 8?
1
What is the remainder when 407 is divided by 128?
23
Calculate the remainder when 249 is divided by 12.
9
Calculate the remainder when 2734 is divided by 6.
4
What is the remainder when 819 is divided by 5?
4
What is the remainder when 245 is divided by 61?
1
Calculate the remainder when 54 is divided by 44.
10
What is the remainder when 277 is divided by 35?
32
Calculate the remainder when 491 is divided by 4.
3
What is the remainder when 306 is divided by 163?
143
Calculate the remainder when 238 is divided by 16.
14
What is the remainder when 2011 is divided by 13?
9
Calculate the remainder when 626 is divided by 63.
59
Calculate the remainder when 2583 is divided by 76.
75
What is the remainder when 87 is divided by 36?
15
Calculate the remainder when 556 is divided by 34.
12
What is the remainder when 398 is divided by 81?
74
What is the remainder when 290 is divided by 36?
2
What is the remainder when 95 is divided by 25?
20
Calculate the remainder when 583 is divided by 39.
37
Calculate the remainder when 2734 is divided by 677.
26
Calculate the remainder when 430 is divided by 16.
14
What is the remainder when 121 is divided by 41?
39
What is the remainder when 797 is divided by 50?
47
What is the remainder when 312 is divided by 21?
18
Calculate the remainder when 4804 is divided by 27.
25
Calculate the remainder when 59 is divided by 9.
5
What is the remainder when 2508 is divided by 279?
276
Calculate the remainder when 4878 is divided by 18.
0
Calculate the remainder when 82 is divided by 19.
6
Calculate the remainder when 7 is divided by 3.
1
Calculate the remainder when 2195 is divided by 110.
105
Calculate the remainder when 861 is divided by 18.
15
What is the remainder when 806 is divided by 264?
14
What is the remainder when 151 is divided by 46?
13
Calculate the remainder when 98 is divided by 20.
18
Calculate the remainder when 135 is divided by 9.
0
What is the remainder when 40 is divided by 19?
2
Calculate the remainder when 83 is divided by 76.
7
What is the remainder when 179 is divided by 26?
23
What is the remainder when 299 is divided by 93?
20
What is the remainder when 1869 is divided by 52?
49
Calculate the remainder when 252 is divided by 5.
2
What is the remainder when 7829 is divided by 178?
175
What is the remainder when 125 is divided by 32?
29
Calculate the remainder when 4620 is divided by 132.
0
What is the remainder when 166 is divided by 55?
1
What is the remainder when 4388 is divided by 183?
179
Calculate the remainder when 114 is divided by 61.
53
Calculate the remainder when 8772 is divided by 214.
212
Calculate the remainder when 152 is divided by 26.
22
What is the remainder when 3775 is divided by 70?
65
What is the remainder when 2144 is divided by 37?
35
Calculate the remainder when 133 is divided by 23.
18
What is the remainder when 209 is divided by 14?
13
What is the remainder when 5935 is divided by 66?
61
What is the remainder when 371 is divided by 133?
105
Calculate the remainder when 94 is divided by 63.
31
What is the remainder when 868 is divided by 176?
164
What is the remainder when 1419 is divided by 79?
76
What is the remainder when 159 is divided by 24?
15
Calculate the remainder when 116 is divided by 39.
38
Calculate the remainder when 16545 is divided by 67.
63
What is the remainder when 25 is divided by 7?
4
Calculate the remainder when 668 is divided by 45.
38
What is the remainder when 125 is divided by 30?
5
Calculate the remainder when 69 is divided by 24.
21
Calculate the remainder when 1457 is divided by 10.
7
What is the remainder when 358 is divided by 72?
70
What is the remainder when 181 is divided by 119?
62
What is the remainder when 5585 is divided by 151?
149
Calculate the remainder when 656 is divided by 162.
8
What is the remainder when 2425 is divided by 83?
18
What is the remainder when 597 is divided by 48?
21
Calculate the remainder when 564 is divided by 44.
36
What is the remainder when 498 is divided by 101?
94
What is the remainder when 71 is divided by 45?
26
Calculate the remainder when 489 is divided by 10.
9
What is the remainder when 8048 is divided by 97?
94
What is the remainder when 153 is divided by 28?
13
What is the remainder when 400 is divided by 16?
0
What is the remainder when 348 is divided by 35?
33
What is the remainder when 13 is divided by 10?
3
Calculate the remainder when 97 is divided by 11.
9
What is the remainder when 197 is divided by 68?
61
What is the remainder when 740 is divided by 7?
5
Calculate the remainder wh